{"id":130,"date":"2015-03-01T14:40:55","date_gmt":"2015-03-01T14:40:55","guid":{"rendered":"https:\/\/der-bildungsexperte.de\/?page_id=130"},"modified":"2024-01-24T14:09:16","modified_gmt":"2024-01-24T14:09:16","slug":"andachten-und-predigten","status":"publish","type":"page","link":"https:\/\/der-bildungsexperte.de\/?page_id=130","title":{"rendered":"Andachten, Predigten und literarische Texte"},"content":{"rendered":"<h5>Novelle:<br \/>\nInklusion ist machbar, Herr Nachbar &#8211; Spurensuche 2027<\/h5>\n\n\n<p>Wir reden soviel \u00fcber all das, was geschehen muss, dass die UN-Behindertenrechtskonvention in Deutschland umgesetzt wird. Dabei geht es einfach darum, dass wir Vielfalt wertsch\u00e4tzen und leben.<\/p>\n\n\n\n<p>Ich habe einmal versucht, in einer Novelle zu schreiben, wie das aussehen kann.  <strong>Ansprache zur Trauung<\/strong> Eine Predigt zur Trauung einer meiner T\u00f6chter zum Text &#8222;Dies ist der Tag, den der Herr macht.&#8220; Psalm 118 Vers 24 Hier k\u00f6nnen Sie den Text lesen: <a href=\"https:\/\/www.dropbox.com\/s\/8u67rvem9248i7c\/Ansprache%20zum%20Trauspruch%20-Dies%20ist%20der%20Tag%2C%20den%20der%20Herr%20macht.docx?dl=0\"><strong>Ansprache zur Trauung<\/strong><\/a> <\/p>\n\n\n\n<p><strong><u>Ostern angesichts der Corona-Toten <\/u><\/strong> Ein seltsames Osterfest. Strahlend blauer Himmel. Eine gro\u00dfe Ruhe. Und doch: Verst\u00f6rend. Die Welt steht still. Corona-Tote werden zu Zahlen, zu Rekorden. \u00dcber die anderen Toten spricht niemand mehr. Abschiednehmen kaum noch m\u00f6glich, vielleicht noch bei der Pflege zuhause. N\u00e4he im Abstand. Ich erinnere mich an einen Gottesdienst f\u00fcr Menschen auf dem Waldhof in Templin. Menschen, die ein ganz besonderes Leben leben. \u201eGeistig behindert\u201c sagen einige. Ich habe diese Gottesdienste geliebt. Selten gibt es so direkte \u00c4u\u00dferungen auf die Worte in einer Predigt. Hier der Text der Predigt &#8211; \u00fcberarbeitet angesichts der Corona-Pandemie: <strong><u><a href=\"https:\/\/der-bildungsexperte.de\/wp-content\/uploads\/2015\/03\/2020-04-12-Ostern-angesichts-der-Corona-Toten.doc\">2020-04-12 Ostern angesichts der Corona-Toten<\/a><\/u><\/strong>.<\/p>\n\n\n\n<p><strong><u>Ansprache im Schulgottesdienst der Waldhofschule 19.12.2014<\/u><\/strong> An den Schulgottesdiensten der Waldhofschule, die meistens in der Maria-Magdalenen-Kirche in Templin stattfinden, nehmen alle Sch\u00fclerinnen und Sch\u00fcler, alle Mitarbeiter der Schule und viele Eltern teil, in der Regel dreihundert bis vierhundert Teilnehmer. Dabei war es immer wichtig, so einfach wie m\u00f6glich zu sprechen ohne dabei in einen kindischen Sprachstil abzurutschen, ohne inhaltsleer zu werden.&nbsp; In der Adventszeit 2014 habe ich dort meine letzte Ansprache gehalten. Ausgangspunkt war ein kleines Theaterspiel der Sch\u00fclerinnen und Sch\u00fcler \u00fcber Weihnachten bei Paco in S\u00fcdamerika. Hier der Text: <a rel=\"noopener noreferrer\" href=\"https:\/\/der-bildungsexperte.de\/wp-content\/uploads\/2015\/03\/2014-12-19-Schulgottesdienst-Predigt.doc\" target=\"_blank\">Ansprache im Schulgottesdienst der Waldhofschule am 19.12.2014<\/a> <\/p>\n\n\n\n<p><strong>Etwa viermal im Jahr<\/strong> predigte ich im Rahmen eines Gottesdienstes f\u00fcr die Bewohnerinnen und Bewohner des <a title=\"Waldhof Templin\" href=\"http:\/\/www.stephanus-stiftung.de\/de\/stiftung\/wohnen\/erwachsene\/waldhof\/\">Waldhofes<\/a> in Templin. Die besondere Herausforderung besteht dabei darin, die biblischen Texte in eine einfache Sprache zu \u00fcbertragen, ohne die theologischen Aussagen zu verk\u00fcrzen. Ebenso braucht es eine Anschaulichkeit, die f\u00fcr Bewohnerinnen und Bewohner des Waldhofes als auch die begleitenden Mitarbeiterinnen und Mitarbeitern die Predigten erschlie\u00dfen. Unter den folgenden Links finden Sie einige der \u00fcbersetzten Bibeltexte und Predigten. <\/p>\n\n\n\n<p><strong>Predigt am 01.M\u00e4rz 2015<\/strong> zum biblischen Text aus dem Markus-Evangelium, Kapitel 12, Verse 1 &#8211; 12: <a href=\"https:\/\/der-bildungsexperte.de\/wp-content\/uploads\/2015\/03\/2015-03-01-Predigt-Waldhofgottesdienst.docx\">2015-03-01 Predigt Waldhofgottesdienst<\/a> <\/p>\n\n\n\n<p><strong>Jahresschlussandacht am 31. Dezember 2014<\/strong> zum biblischen Text aus dem Lukas-Evangelium Kapitel 12, Verse 25 &#8211; 40: Hier finden SIe auch eine Gegen\u00fcberstellung des Luthertextes mit der \u00dcbertragung in Einfache Sprache. <a href=\"https:\/\/der-bildungsexperte.de\/wp-content\/uploads\/2015\/03\/2014-12-31-Jahresschlussgottesdienst-auf-dem-Waldhof.doc\">2014-12-31 Jahresschlussgottesdienst auf dem Waldhof<\/a> <\/p>\n\n\n\n<p><strong>Gottesdienst f\u00fcr Motorradfahrer<\/strong> im Rahmen des 15. Branchen-Motorradtreffens der Sanit\u00e4r-Heinzung-Klima Branche vom 19. &#8211; 22. Juni 2014 in der Marina Wolfsbruch, Kleinzerlang,&nbsp; am 21.06.2014, 16:00 Uhr in der Dorfkirche in Z\u00fchlen (Rheinsberg): Interpretation des Textes aus dem Buch des Propheten Salomon (Kohelet), Kapitel 3, 1 &#8211;&nbsp; 13: <strong>&#8222;Alles hat seine Zeit&#8220;<\/strong>&nbsp; <a href=\"https:\/\/der-bildungsexperte.de\/wp-content\/uploads\/2015\/03\/DER-PREDIGER-SALOMO-Eine-Interpretation.doc\">DER PREDIGER SALOMO &#8211; Eine Interpretation<\/a> <\/p>\n\n\n\n<p><strong>Predigt zum Thema Risiko &#8211; Hoffnung:<\/strong> <a href=\"https:\/\/der-bildungsexperte.de\/wp-content\/uploads\/2015\/03\/Risiko-Hoffnung.doc\">Risiko &#8211; Hoffnung<\/a><\/p>\n","protected":false},"excerpt":{"rendered":"<p>Novelle: Inklusion ist machbar, Herr Nachbar &#8211; Spurensuche 2027 Wir reden soviel \u00fcber all das, was geschehen muss, dass die UN-Behindertenrechtskonvention in Deutschland umgesetzt wird. Dabei geht es einfach darum, dass wir Vielfalt wertsch\u00e4tzen und leben. Ich habe einmal versucht,&#8230;<br \/><a class=\"read-more-button\" href=\"https:\/\/der-bildungsexperte.de\/?page_id=130\">Mehr Lesen<\/a><\/p>\n","protected":false},"author":1,"featured_media":0,"parent":0,"menu_order":1,"comment_status":"open","ping_status":"closed","template":"","meta":{"om_disable_all_campaigns":false,"_monsterinsights_skip_tracking":false,"_monsterinsights_sitenote_active":false,"_monsterinsights_sitenote_note":"","_monsterinsights_sitenote_category":0,"_uf_show_specific_survey":0,"_uf_disable_surveys":false,"footnotes":""},"class_list":["post-130","page","type-page","status-publish","hentry"],"aioseo_notices":[],"_links":{"self":[{"href":"https:\/\/der-bildungsexperte.de\/index.php?rest_route=\/wp\/v2\/pages\/130","targetHints":{"allow":["GET"]}}],"collection":[{"href":"https:\/\/der-bildungsexperte.de\/index.php?rest_route=\/wp\/v2\/pages"}],"about":[{"href":"https:\/\/der-bildungsexperte.de\/index.php?rest_route=\/wp\/v2\/types\/page"}],"author":[{"embeddable":true,"href":"https:\/\/der-bildungsexperte.de\/index.php?rest_route=\/wp\/v2\/users\/1"}],"replies":[{"embeddable":true,"href":"https:\/\/der-bildungsexperte.de\/index.php?rest_route=%2Fwp%2Fv2%2Fcomments&post=130"}],"version-history":[{"count":12,"href":"https:\/\/der-bildungsexperte.de\/index.php?rest_route=\/wp\/v2\/pages\/130\/revisions"}],"predecessor-version":[{"id":677,"href":"https:\/\/der-bildungsexperte.de\/index.php?rest_route=\/wp\/v2\/pages\/130\/revisions\/677"}],"wp:attachment":[{"href":"https:\/\/der-bildungsexperte.de\/index.php?rest_route=%2Fwp%2Fv2%2Fmedia&parent=130"}],"curies":[{"name":"wp","href":"https:\/\/api.w.org\/{rel}","templated":true}]}}

<h5>Novelle:<br />
Inklusion ist machbar, Herr Nachbar &#8211; Spurensuche 2027</h5>


<p>Wir reden soviel über all das, was geschehen muss, dass die UN-Behindertenrechtskonvention in Deutschland umgesetzt wird. Dabei geht es einfach darum, dass wir Vielfalt wertschätzen und leben.</p>



<p>Ich habe einmal versucht, in einer Novelle zu schreiben, wie das aussehen kann.  <strong>Ansprache zur Trauung</strong> Eine Predigt zur Trauung einer meiner Töchter zum Text &#8222;Dies ist der Tag, den der Herr macht.&#8220; Psalm 118 Vers 24 Hier können Sie den Text lesen: <a href="https://www.dropbox.com/s/8u67rvem9248i7c/Ansprache%20zum%20Trauspruch%20-Dies%20ist%20der%20Tag%2C%20den%20der%20Herr%20macht.docx?dl=0"><strong>Ansprache zur Trauung</strong></a> </p>



<p><strong><u>Ostern angesichts der Corona-Toten </u></strong> Ein seltsames Osterfest. Strahlend blauer Himmel. Eine große Ruhe. Und doch: Verstörend. Die Welt steht still. Corona-Tote werden zu Zahlen, zu Rekorden. Über die anderen Toten spricht niemand mehr. Abschiednehmen kaum noch möglich, vielleicht noch bei der Pflege zuhause. Nähe im Abstand. Ich erinnere mich an einen Gottesdienst für Menschen auf dem Waldhof in Templin. Menschen, die ein ganz besonderes Leben leben. „Geistig behindert“ sagen einige. Ich habe diese Gottesdienste geliebt. Selten gibt es so direkte Äußerungen auf die Worte in einer Predigt. Hier der Text der Predigt &#8211; überarbeitet angesichts der Corona-Pandemie: <strong><u><a href="https://der-bildungsexperte.de/wp-content/uploads/2015/03/2020-04-12-Ostern-angesichts-der-Corona-Toten.doc">2020-04-12 Ostern angesichts der Corona-Toten</a></u></strong>.</p>



<p><strong><u>Ansprache im Schulgottesdienst der Waldhofschule 19.12.2014</u></strong> An den Schulgottesdiensten der Waldhofschule, die meistens in der Maria-Magdalenen-Kirche in Templin stattfinden, nehmen alle Schülerinnen und Schüler, alle Mitarbeiter der Schule und viele Eltern teil, in der Regel dreihundert bis vierhundert Teilnehmer. Dabei war es immer wichtig, so einfach wie möglich zu sprechen ohne dabei in einen kindischen Sprachstil abzurutschen, ohne inhaltsleer zu werden.&nbsp; In der Adventszeit 2014 habe ich dort meine letzte Ansprache gehalten. Ausgangspunkt war ein kleines Theaterspiel der Schülerinnen und Schüler über Weihnachten bei Paco in Südamerika. Hier der Text: <a rel="noopener noreferrer" href="https://der-bildungsexperte.de/wp-content/uploads/2015/03/2014-12-19-Schulgottesdienst-Predigt.doc" target="_blank">Ansprache im Schulgottesdienst der Waldhofschule am 19.12.2014</a> </p>



<p><strong>Etwa viermal im Jahr</strong> predigte ich im Rahmen eines Gottesdienstes für die Bewohnerinnen und Bewohner des <a title="Waldhof Templin" href="http://www.stephanus-stiftung.de/de/stiftung/wohnen/erwachsene/waldhof/">Waldhofes</a> in Templin. Die besondere Herausforderung besteht dabei darin, die biblischen Texte in eine einfache Sprache zu übertragen, ohne die theologischen Aussagen zu verkürzen. Ebenso braucht es eine Anschaulichkeit, die für Bewohnerinnen und Bewohner des Waldhofes als auch die begleitenden Mitarbeiterinnen und Mitarbeitern die Predigten erschließen. Unter den folgenden Links finden Sie einige der übersetzten Bibeltexte und Predigten. </p>



<p><strong>Predigt am 01.März 2015</strong> zum biblischen Text aus dem Markus-Evangelium, Kapitel 12, Verse 1 &#8211; 12: <a href="https://der-bildungsexperte.de/wp-content/uploads/2015/03/2015-03-01-Predigt-Waldhofgottesdienst.docx">2015-03-01 Predigt Waldhofgottesdienst</a> </p>



<p><strong>Jahresschlussandacht am 31. Dezember 2014</strong> zum biblischen Text aus dem Lukas-Evangelium Kapitel 12, Verse 25 &#8211; 40: Hier finden SIe auch eine Gegenüberstellung des Luthertextes mit der Übertragung in Einfache Sprache. <a href="https://der-bildungsexperte.de/wp-content/uploads/2015/03/2014-12-31-Jahresschlussgottesdienst-auf-dem-Waldhof.doc">2014-12-31 Jahresschlussgottesdienst auf dem Waldhof</a> </p>



<p><strong>Gottesdienst für Motorradfahrer</strong> im Rahmen des 15. Branchen-Motorradtreffens der Sanitär-Heinzung-Klima Branche vom 19. &#8211; 22. Juni 2014 in der Marina Wolfsbruch, Kleinzerlang,&nbsp; am 21.06.2014, 16:00 Uhr in der Dorfkirche in Zühlen (Rheinsberg): Interpretation des Textes aus dem Buch des Propheten Salomon (Kohelet), Kapitel 3, 1 &#8211;&nbsp; 13: <strong>&#8222;Alles hat seine Zeit&#8220;</strong>&nbsp; <a href="https://der-bildungsexperte.de/wp-content/uploads/2015/03/DER-PREDIGER-SALOMO-Eine-Interpretation.doc">DER PREDIGER SALOMO &#8211; Eine Interpretation</a> </p>



<p><strong>Predigt zum Thema Risiko &#8211; Hoffnung:</strong> <a href="https://der-bildungsexperte.de/wp-content/uploads/2015/03/Risiko-Hoffnung.doc">Risiko &#8211; Hoffnung</a></p>

<p>Novelle: Inklusion ist machbar, Herr Nachbar &#8211; Spurensuche 2027 Wir reden soviel über all das, was geschehen muss, dass die UN-Behindertenrechtskonvention in Deutschland umgesetzt wird. Dabei geht es einfach darum, dass wir Vielfalt wertschätzen und leben. Ich habe einmal versucht,&#8230;<br /><a class="read-more-button" href="https://der-bildungsexperte.de/?page_id=130">Mehr Lesen</a></p>
