{"id":24,"date":"2014-12-26T20:05:18","date_gmt":"2014-12-26T20:05:18","guid":{"rendered":"https:\/\/der-bildungsexperte.de\/?page_id=24"},"modified":"2024-06-10T10:00:50","modified_gmt":"2024-06-10T10:00:50","slug":"fortbildungen","status":"publish","type":"page","link":"https:\/\/der-bildungsexperte.de\/?page_id=24","title":{"rendered":"Fortbildung"},"content":{"rendered":"<p>Wilfried W. Steinert, Bildungsexperte<a href=\"https:\/\/der-bildungsexperte.de\/wp-content\/uploads\/2014\/12\/Interview.jpg\"><img loading=\"lazy\" decoding=\"async\" class=\" wp-image-4 alignleft\" src=\"https:\/\/der-bildungsexperte.de\/wp-content\/uploads\/2014\/12\/Interview-300x200.jpg\" alt=\"Interview\" width=\"317\" height=\"211\" srcset=\"https:\/\/der-bildungsexperte.de\/wp-content\/uploads\/2014\/12\/Interview-300x200.jpg 300w, https:\/\/der-bildungsexperte.de\/wp-content\/uploads\/2014\/12\/Interview.jpg 644w\" sizes=\"auto, (max-width: 317px) 100vw, 317px\" \/><\/a><br \/>\nSteinert@der-Bildungsexperte.de<br \/>\n0173-2344775<\/p>\n<p>Wildeshausen<\/p>\n<hr \/>\n<p><strong>Zu den unten aufgef\u00fchrten Themen biete ich auch einf\u00fchrende oder umfassende Vortr\u00e4ge mit anschlie\u00dfender Diskussion an.<br \/>\n<\/strong><\/p>\n<p>F\u00fcr Workshops und Seminare in Schulen ist es mir wichtig, m\u00f6glichst vorher einmal in der Schule hospitieren zu k\u00f6nnen, um die Fortbildung auf die Bedarfe der Schule, der Kolleginnen und Kollegen hin ausrichten zu k\u00f6nnen.<\/p>\n<h3>________________________________________________________<\/h3>\n<h3>Mein aktuelles Angebot zur Ganztagsschulentwicklung und Teambildung im Ganztag finden Sie auf dieser Seite: <a href=\"https:\/\/der-bildungsexperte.de\/wp-content\/uploads\/2021\/11\/2021-10-11-\u00dcbersicht-der-Fortbildungsangebote.pdf\">\u00dcbersicht der Fortbildungsangebote<\/a><br \/>\n________________________________________________________<\/h3>\n<p><strong>Mein Portfolio f\u00fcr Fortbildungen, Seminare und Vortr\u00e4ge<\/strong> umfasst zurzeit folgende Schwerpunkte, diese werden jeweils in Abstimmung mit dem Veranstalter der Seminare konkretisiert und auf die jeweilige Situation ausgerichtet.<\/p>\n<p><strong>Allgemeine schulische Themen<br \/>\n<\/strong><br \/>\n&#8211; \u201eP\u00e4dagogik der Inklusion \u2013 Zeit zum Lernen und Leben im rhythmisierten Ganztag\u201c &#8211; Entwicklung einer inklusiven Schulkultur<br \/>\n&#8211; P\u00e4dagogisch-didaktische Herausforderungen inklusiver Bildung<br \/>\n&#8211; Unterrichtspraxis in der inklusiven (Grund-)Schule<br \/>\n-Inklusion als Voraussetzung moderner Unterrichtspraxis<br \/>\n&#8211; Lernen wie man lernt &#8211; Unterricht in heterogenen Lerngruppen, gemeinsames Lernen auf unterschiedlichen Niveaustufen am gleichen Gegenstand<br \/>\n&#8211; Inklusiver Unterricht im Spektrum von individueller F\u00f6rderung, Peergroups und Klassenverband<br \/>\n&#8211; \u201e\u2026 und jetzt auch noch Inklusion! K\u00f6nnen wir \u00fcberhaupt allen Sch\u00fclern gerecht werden?\u201c<br \/>\n&#8211; Arbeiten in multiprofessionellen Teams, die Rolle der Sonderp\u00e4dagoginnen und -p\u00e4dagogen, der Schulsozialarbeiterin, der Erzieherinnen und Erzieher, der Schulbegleiter, des weiteren p\u00e4dagogischen Personals; Pr\u00e4senzzeit und Arbeitspl\u00e4tze, Kommunikationsstrukturen<br \/>\n&#8211; Inklusion und individuelle F\u00f6rderung<br \/>\n&#8211; Lernen erm\u00f6glichen oder unterrichten? Ein Workshop, der mit den Potentialen der Teilnehmenden arbeitet<br \/>\n&#8211; \u201eInklusion \u2013 die neue Last oder Lust des Unterrichtens\u201c<br \/>\n&#8211; P\u00e4dagogik und Raum \u2013 sinnvolle Nutzung der r\u00e4umlichen Ressourcen im inklusiven Setting<br \/>\n&#8211; Sch\u00fclerinnen- und Sch\u00fcler-Orientierung: \u201eVielfalt als Chance &#8211; St\u00e4rken st\u00e4rken\u201c, Sch\u00fclerbeteiligung<br \/>\n&#8211; &#8222;&#8230; und wenn die Sch\u00fcler*innen nicht so wollen wie wir?&#8220; &#8211; herausfordernde Sch\u00fcler*innen<br \/>\n&#8211; Entwicklung eines inklusiven schulinternen Curriculums; f\u00e4cherverbindendes und f\u00e4cher\u00fcbergreifende Unterrichtsplanung; individuelle Lern- und Entwicklungspl\u00e4ne<br \/>\n&#8211; Leistungsbewertung im inklusiven Setting: Individuelle Lernpl\u00e4ne, Leistungsr\u00fcckmeldung und \u2013best\u00e4tigung<br \/>\n-Elternarbeit, Elterngespr\u00e4che, Elternbeteiligung<br \/>\n&#8211; Eltern als Schl\u00fcssel zum p\u00e4dagogischen Erfolg<br \/>\n-Leben, Spielen, Lernen, Kommunizieren in einer inklusiven Kita \u2013 Eltern und Erzieherinnen in gemeinsamer Verantwortung<\/p>\n<p><strong>F\u00fcr Schulleitungen<\/strong><br \/>\n-Motivation eines Kollegiums auf dem Weg zur inklusiven Bildung \/ zur Ganztagsschule<br \/>\n&#8211; Personalmanagement in der inklusiven Schule<br \/>\n&#8211; Elternbeteiligung und Kooperation im Stadtteil<\/p>\n<p><strong>F\u00fcr Schulaufsicht<\/strong><br \/>\n&#8211; Inklusion als Corporate Identity im System differenzierender Schulen<\/p>\n<p><strong>F\u00fcr Leitungspersonal in Schul- und Kommunalverwaltung<\/strong><br \/>\n&#8211; Sozialraumorientierung \u2013 Die Entwicklung einer inklusiven Region im Spannungsverh\u00e4ltnis von Schulgesetz und Sozialgesetzbuch<br \/>\n&#8211; Inklusion \u2013 Wie ver\u00e4ndert die UN-Behindertenrechtskonvention das Verwaltungshandeln; Fortbildung f\u00fcr Mitarbeiterinnen und Mitarbeiter im Sozial- und Jugendamt<\/p>\n<p><strong>F\u00fcr inklusive Schulen und Ganztagsschulen:<\/strong><\/p>\n<p>-Multiprofessionelles Arbeiten<br \/>\n&#8211; Schulbegleitung und Klassenassistenz &#8211; die M\u00f6glichkeiten ausloten<\/p>\n","protected":false},"excerpt":{"rendered":"<p>Wilfried W. Steinert, Bildungsexperte Steinert@der-Bildungsexperte.de 0173-2344775 Wildeshausen Zu den unten aufgef\u00fchrten Themen biete ich auch einf\u00fchrende oder umfassende Vortr\u00e4ge mit anschlie\u00dfender Diskussion an. F\u00fcr Workshops und Seminare in Schulen ist es mir wichtig, m\u00f6glichst vorher einmal in der Schule hospitieren&#8230;<br \/><a class=\"read-more-button\" href=\"https:\/\/der-bildungsexperte.de\/?page_id=24\">Mehr Lesen<\/a><\/p>\n","protected":false},"author":1,"featured_media":0,"parent":0,"menu_order":6,"comment_status":"open","ping_status":"closed","template":"","meta":{"om_disable_all_campaigns":false,"_monsterinsights_skip_tracking":false,"_monsterinsights_sitenote_active":false,"_monsterinsights_sitenote_note":"","_monsterinsights_sitenote_category":0,"_uf_show_specific_survey":0,"_uf_disable_surveys":false,"footnotes":""},"class_list":["post-24","page","type-page","status-publish","hentry"],"aioseo_notices":[],"_links":{"self":[{"href":"https:\/\/der-bildungsexperte.de\/index.php?rest_route=\/wp\/v2\/pages\/24","targetHints":{"allow":["GET"]}}],"collection":[{"href":"https:\/\/der-bildungsexperte.de\/index.php?rest_route=\/wp\/v2\/pages"}],"about":[{"href":"https:\/\/der-bildungsexperte.de\/index.php?rest_route=\/wp\/v2\/types\/page"}],"author":[{"embeddable":true,"href":"https:\/\/der-bildungsexperte.de\/index.php?rest_route=\/wp\/v2\/users\/1"}],"replies":[{"embeddable":true,"href":"https:\/\/der-bildungsexperte.de\/index.php?rest_route=%2Fwp%2Fv2%2Fcomments&post=24"}],"version-history":[{"count":12,"href":"https:\/\/der-bildungsexperte.de\/index.php?rest_route=\/wp\/v2\/pages\/24\/revisions"}],"predecessor-version":[{"id":859,"href":"https:\/\/der-bildungsexperte.de\/index.php?rest_route=\/wp\/v2\/pages\/24\/revisions\/859"}],"wp:attachment":[{"href":"https:\/\/der-bildungsexperte.de\/index.php?rest_route=%2Fwp%2Fv2%2Fmedia&parent=24"}],"curies":[{"name":"wp","href":"https:\/\/api.w.org\/{rel}","templated":true}]}}

<p>Wilfried W. Steinert, Bildungsexperte<a href="https://der-bildungsexperte.de/wp-content/uploads/2014/12/Interview.jpg"><img loading="lazy" decoding="async" class=" wp-image-4 alignleft" src="https://der-bildungsexperte.de/wp-content/uploads/2014/12/Interview-300x200.jpg" alt="Interview" width="317" height="211" srcset="https://der-bildungsexperte.de/wp-content/uploads/2014/12/Interview-300x200.jpg 300w, https://der-bildungsexperte.de/wp-content/uploads/2014/12/Interview.jpg 644w" sizes="auto, (max-width: 317px) 100vw, 317px" /></a><br />
Steinert@der-Bildungsexperte.de<br />
0173-2344775</p>
<p>Wildeshausen</p>
<hr />
<p><strong>Zu den unten aufgeführten Themen biete ich auch einführende oder umfassende Vorträge mit anschließender Diskussion an.<br />
</strong></p>
<p>Für Workshops und Seminare in Schulen ist es mir wichtig, möglichst vorher einmal in der Schule hospitieren zu können, um die Fortbildung auf die Bedarfe der Schule, der Kolleginnen und Kollegen hin ausrichten zu können.</p>
<h3>________________________________________________________</h3>
<h3>Mein aktuelles Angebot zur Ganztagsschulentwicklung und Teambildung im Ganztag finden Sie auf dieser Seite: <a href="https://der-bildungsexperte.de/wp-content/uploads/2021/11/2021-10-11-Übersicht-der-Fortbildungsangebote.pdf">Übersicht der Fortbildungsangebote</a><br />
________________________________________________________</h3>
<p><strong>Mein Portfolio für Fortbildungen, Seminare und Vorträge</strong> umfasst zurzeit folgende Schwerpunkte, diese werden jeweils in Abstimmung mit dem Veranstalter der Seminare konkretisiert und auf die jeweilige Situation ausgerichtet.</p>
<p><strong>Allgemeine schulische Themen<br />
</strong><br />
&#8211; „Pädagogik der Inklusion – Zeit zum Lernen und Leben im rhythmisierten Ganztag“ &#8211; Entwicklung einer inklusiven Schulkultur<br />
&#8211; Pädagogisch-didaktische Herausforderungen inklusiver Bildung<br />
&#8211; Unterrichtspraxis in der inklusiven (Grund-)Schule<br />
-Inklusion als Voraussetzung moderner Unterrichtspraxis<br />
&#8211; Lernen wie man lernt &#8211; Unterricht in heterogenen Lerngruppen, gemeinsames Lernen auf unterschiedlichen Niveaustufen am gleichen Gegenstand<br />
&#8211; Inklusiver Unterricht im Spektrum von individueller Förderung, Peergroups und Klassenverband<br />
&#8211; „… und jetzt auch noch Inklusion! Können wir überhaupt allen Schülern gerecht werden?“<br />
&#8211; Arbeiten in multiprofessionellen Teams, die Rolle der Sonderpädagoginnen und -pädagogen, der Schulsozialarbeiterin, der Erzieherinnen und Erzieher, der Schulbegleiter, des weiteren pädagogischen Personals; Präsenzzeit und Arbeitsplätze, Kommunikationsstrukturen<br />
&#8211; Inklusion und individuelle Förderung<br />
&#8211; Lernen ermöglichen oder unterrichten? Ein Workshop, der mit den Potentialen der Teilnehmenden arbeitet<br />
&#8211; „Inklusion – die neue Last oder Lust des Unterrichtens“<br />
&#8211; Pädagogik und Raum – sinnvolle Nutzung der räumlichen Ressourcen im inklusiven Setting<br />
&#8211; Schülerinnen- und Schüler-Orientierung: „Vielfalt als Chance &#8211; Stärken stärken“, Schülerbeteiligung<br />
&#8211; &#8222;&#8230; und wenn die Schüler*innen nicht so wollen wie wir?&#8220; &#8211; herausfordernde Schüler*innen<br />
&#8211; Entwicklung eines inklusiven schulinternen Curriculums; fächerverbindendes und fächerübergreifende Unterrichtsplanung; individuelle Lern- und Entwicklungspläne<br />
&#8211; Leistungsbewertung im inklusiven Setting: Individuelle Lernpläne, Leistungsrückmeldung und –bestätigung<br />
-Elternarbeit, Elterngespräche, Elternbeteiligung<br />
&#8211; Eltern als Schlüssel zum pädagogischen Erfolg<br />
-Leben, Spielen, Lernen, Kommunizieren in einer inklusiven Kita – Eltern und Erzieherinnen in gemeinsamer Verantwortung</p>
<p><strong>Für Schulleitungen</strong><br />
-Motivation eines Kollegiums auf dem Weg zur inklusiven Bildung / zur Ganztagsschule<br />
&#8211; Personalmanagement in der inklusiven Schule<br />
&#8211; Elternbeteiligung und Kooperation im Stadtteil</p>
<p><strong>Für Schulaufsicht</strong><br />
&#8211; Inklusion als Corporate Identity im System differenzierender Schulen</p>
<p><strong>Für Leitungspersonal in Schul- und Kommunalverwaltung</strong><br />
&#8211; Sozialraumorientierung – Die Entwicklung einer inklusiven Region im Spannungsverhältnis von Schulgesetz und Sozialgesetzbuch<br />
&#8211; Inklusion – Wie verändert die UN-Behindertenrechtskonvention das Verwaltungshandeln; Fortbildung für Mitarbeiterinnen und Mitarbeiter im Sozial- und Jugendamt</p>
<p><strong>Für inklusive Schulen und Ganztagsschulen:</strong></p>
<p>-Multiprofessionelles Arbeiten<br />
&#8211; Schulbegleitung und Klassenassistenz &#8211; die Möglichkeiten ausloten</p>

<p>Wilfried W. Steinert, Bildungsexperte Steinert@der-Bildungsexperte.de 0173-2344775 Wildeshausen Zu den unten aufgeführten Themen biete ich auch einführende oder umfassende Vorträge mit anschließender Diskussion an. Für Workshops und Seminare in Schulen ist es mir wichtig, möglichst vorher einmal in der Schule hospitieren&#8230;<br /><a class="read-more-button" href="https://der-bildungsexperte.de/?page_id=24">Mehr Lesen</a></p>
