{"id":79,"date":"2014-12-27T14:17:09","date_gmt":"2014-12-27T14:17:09","guid":{"rendered":"https:\/\/der-bildungsexperte.de\/?page_id=79"},"modified":"2021-11-09T13:02:18","modified_gmt":"2021-11-09T13:02:18","slug":"veroeffentlichungen","status":"publish","type":"page","link":"https:\/\/der-bildungsexperte.de\/?page_id=79","title":{"rendered":"Ver\u00f6ffentlichungen"},"content":{"rendered":"<table width=\"637\">\n<tbody>\n<tr>\n<td width=\"637\">\n<table width=\"637\">\n<tbody>\n<tr>\n<td width=\"637\">\u00a0<strong>\u201eInklusion ist machbar!\u201c<\/strong> Das ist die Erfahrung von Menschen aus rund 30<a id=\"set-post-thumbnail\" class=\"thickbox\" href=\"https:\/\/der-bildungsexperte.de\/wp-admin\/media-upload.php?post_id=79&amp;type=image&amp;TB_iframe=1\"><img loading=\"lazy\" decoding=\"async\" class=\"attachment-post-thumbnail size-post-thumbnail alignright\" src=\"https:\/\/der-bildungsexperte.de\/wp-content\/uploads\/2014\/12\/Buch-Inklusion-ist-machbar-1170x1562.jpg\" sizes=\"auto, (max-width: 1130px) 100vw, 1130px\" srcset=\"https:\/\/der-bildungsexperte.de\/wp-content\/uploads\/2014\/12\/Buch-Inklusion-ist-machbar-1170x1562.jpg 1170w, https:\/\/der-bildungsexperte.de\/wp-content\/uploads\/2014\/12\/Buch-Inklusion-ist-machbar-225x300.jpg 225w, https:\/\/der-bildungsexperte.de\/wp-content\/uploads\/2014\/12\/Buch-Inklusion-ist-machbar-768x1025.jpg 768w, https:\/\/der-bildungsexperte.de\/wp-content\/uploads\/2014\/12\/Buch-Inklusion-ist-machbar-767x1024.jpg 767w, https:\/\/der-bildungsexperte.de\/wp-content\/uploads\/2014\/12\/Buch-Inklusion-ist-machbar-600x801.jpg 600w\" alt=\"\" width=\"1130\" height=\"1509\" \/><\/a> Kommunen und Regionen, die sich seit vielen Jahren f\u00fcr Inklusion einsetzen. \u00dcberall werden dringend mehr Ressourcen und bessere Voraussetzungen f\u00fcr Inklusion gebraucht \u2013 und gleichzeitig gibt es genug zu tun. \u201eFangen wir schon mal an!\u201c ist eine Botschaft, die hinter dem Titel dieses Buches steht \u2013 und hinter den Erfahrungen, die hier zusammenkommen. Das Erfahrungshandbuch ist ein Fundus f\u00fcr Ideen und Anregungen f\u00fcr die eigenen Prozesse vor Ort, der zum St\u00f6bern einl\u00e4dt, inspiriert und ermutigt.<\/p>\n<p><em>Zielgruppen: <\/em><br \/>\nFach- und F\u00fchrungskr\u00e4fte in Verwaltung, Politik und Wirtschaft, kommunale Gestalter\/innen, zivilgesellschaftlich Engagierte, Ehrenamtliche und alle, die sich f\u00fcr ein gutes Miteinander in der Gesellschaft interessieren.<\/p>\n<p>Montag Stiftung Jugend und Gesellschaft, Bonn (Hrsg.)<br \/>\n<strong>&#8222;Inklusion ist machbar!&#8220;<br \/>\n<\/strong>Das Erfahrungshandbuch aus der kommunalen Praxis<br \/>\n\u00a9 2018 Deutscher Verein f\u00fcr \u00f6ffentliche und private F\u00fcrsorge e. V. Berlin<\/p>\n<p>296 S.;\u00a0\u20ac 19,80 \/ \u20ac 17,50 (Preis f\u00fcr DV-Mitglieder\/innen)<\/td>\n<\/tr>\n<\/tbody>\n<\/table>\n<\/td>\n<\/tr>\n<\/tbody>\n<\/table>\n<p><a href=\"https:\/\/www.montag-stiftungen.de\">Montag Stiftung<\/a> Jugend und Gesellschaft:<\/p>\n<ul>\n<li><a href=\"https:\/\/www.montag-stiftungen.de\/jugend-und-gesellschaft\/projekte-jugend-gesellschaft\/projektarchiv\/projektbereich-inklusion\/projekte\/fieldbook.html\">Mehr zum Projekt Fieldbook<br \/>\n<\/a><\/li>\n<li><a href=\"https:\/\/www.montag-stiftungen.de\/jugend-und-gesellschaft\/veroeffentlichungen\/projektveroeffentlichungen\/inklusion-ist-machbar.html\">Mehr zum Erfahrungshandbuch &#8222;Inklusion ist machbar!<\/a><\/li>\n<\/ul>\n<p>&nbsp;<\/p>\n<p>&nbsp;<\/p>\n<table width=\"646\">\n<tbody>\n<tr>\n<td width=\"646\">\n<table width=\"646\">\n<tbody>\n<tr>\n<td width=\"646\"><strong><a id=\"set-post-thumbnail\" class=\"thickbox\" href=\"https:\/\/der-bildungsexperte.de\/wp-admin\/media-upload.php?post_id=79&amp;type=image&amp;TB_iframe=1\"><img loading=\"lazy\" decoding=\"async\" class=\"attachment-post-thumbnail size-post-thumbnail\" src=\"https:\/\/der-bildungsexperte.de\/wp-content\/uploads\/2014\/12\/Buchtitel-Gute-Schulen.jpg\" sizes=\"auto, (max-width: 446px) 100vw, 446px\" srcset=\"https:\/\/der-bildungsexperte.de\/wp-content\/uploads\/2014\/12\/Buchtitel-Gute-Schulen.jpg 446w, https:\/\/der-bildungsexperte.de\/wp-content\/uploads\/2014\/12\/Buchtitel-Gute-Schulen-268x300.jpg 268w\" alt=\"\" width=\"446\" height=\"500\" \/><\/a>&#8222;Inklusion braucht gute Schulen \u2013 gute Schulen brauchen Inklusion\u201c<\/strong><\/p>\n<p>Ein Buch zur Schulentwicklung von Stefan L\u00fcke, Inge Michels und Wilfried W. Steinert.<\/p>\n<p>Erschienen bei Wolters Kluwer.<\/p>\n<p>\u201eNichts \u00fcberst\u00fctzen\u201c, lautet die Devise des deutschen Inklusionsexperten Wilfried W. Steinert, aber auch: \u201eDas Ziel fest im Auge behalten.\u201c Wissenschaftlich fundiert, dabei mit Augenma\u00df und die Belange der Lehrenden und Lernenden stets im Blick, regen die Autoren den Leser dazu an, selbstbewusst und kompetent an seiner Schule den <strong>Weg der Inklusion im eigenen Tempo<\/strong> zu gehen\u2026 (aus dem Flyer zum Buch).<br \/>\nMehr: <a href=\"https:\/\/der-bildungsexperte.de\/wp-content\/uploads\/2014\/12\/Flyer-Inklusion-braucht-gute-Schulen-gute-Schulen-brauchen-Inklusion.pdf\">Inklusion braucht gute Schulen &#8211; gute Schulen brauchen Inklusion<\/a><\/td>\n<\/tr>\n<\/tbody>\n<\/table>\n<\/td>\n<\/tr>\n<\/tbody>\n<\/table>\n<p>&nbsp;<\/p>\n<p><strong>Rede von Wilfried W. Steinert, damaliger Vorsitzender des Bundeselternrates, im Deutschen Bundestag am 29. Mai 2006<\/strong> zur Einbringung der Position des Bundeselternrates zur <strong>F\u00f6deralismusreform<\/strong>: <a href=\"https:\/\/der-bildungsexperte.de\/wp-content\/uploads\/2015\/01\/Rede-zur-F\u00f6deralismusreform-2006.docx\">Rede zur F\u00f6deralismusreform 2006<\/a><!--more--><\/p>\n","protected":false},"excerpt":{"rendered":"<p>\u00a0\u201eInklusion ist machbar!\u201c Das ist die Erfahrung von Menschen aus rund 30 Kommunen und Regionen, die sich seit vielen Jahren f\u00fcr Inklusion einsetzen. \u00dcberall werden dringend mehr Ressourcen und bessere Voraussetzungen f\u00fcr Inklusion gebraucht \u2013 und gleichzeitig gibt es genug&#8230;<br \/><a class=\"read-more-button\" href=\"https:\/\/der-bildungsexperte.de\/?page_id=79\">Mehr Lesen<\/a><\/p>\n","protected":false},"author":1,"featured_media":0,"parent":0,"menu_order":9,"comment_status":"open","ping_status":"closed","template":"","meta":{"om_disable_all_campaigns":false,"_monsterinsights_skip_tracking":false,"_monsterinsights_sitenote_active":false,"_monsterinsights_sitenote_note":"","_monsterinsights_sitenote_category":0,"_uf_show_specific_survey":0,"_uf_disable_surveys":false,"footnotes":""},"class_list":["post-79","page","type-page","status-publish","hentry"],"aioseo_notices":[],"_links":{"self":[{"href":"https:\/\/der-bildungsexperte.de\/index.php?rest_route=\/wp\/v2\/pages\/79","targetHints":{"allow":["GET"]}}],"collection":[{"href":"https:\/\/der-bildungsexperte.de\/index.php?rest_route=\/wp\/v2\/pages"}],"about":[{"href":"https:\/\/der-bildungsexperte.de\/index.php?rest_route=\/wp\/v2\/types\/page"}],"author":[{"embeddable":true,"href":"https:\/\/der-bildungsexperte.de\/index.php?rest_route=\/wp\/v2\/users\/1"}],"replies":[{"embeddable":true,"href":"https:\/\/der-bildungsexperte.de\/index.php?rest_route=%2Fwp%2Fv2%2Fcomments&post=79"}],"version-history":[{"count":12,"href":"https:\/\/der-bildungsexperte.de\/index.php?rest_route=\/wp\/v2\/pages\/79\/revisions"}],"predecessor-version":[{"id":495,"href":"https:\/\/der-bildungsexperte.de\/index.php?rest_route=\/wp\/v2\/pages\/79\/revisions\/495"}],"wp:attachment":[{"href":"https:\/\/der-bildungsexperte.de\/index.php?rest_route=%2Fwp%2Fv2%2Fmedia&parent=79"}],"curies":[{"name":"wp","href":"https:\/\/api.w.org\/{rel}","templated":true}]}}