{"id":81,"date":"2014-12-27T14:16:35","date_gmt":"2014-12-27T14:16:35","guid":{"rendered":"https:\/\/der-bildungsexperte.de\/?page_id=81"},"modified":"2021-11-09T13:02:18","modified_gmt":"2021-11-09T13:02:18","slug":"referenzen","status":"publish","type":"page","link":"https:\/\/der-bildungsexperte.de\/?page_id=81","title":{"rendered":"Referenzen"},"content":{"rendered":"<h1>Prozessbegleitung, Moderation und Dokumentation im Rahmen der Erarbeitung eines Teilhabeplans &#8222;Chemnitz inklusiv 2030&#8220;<\/h1>\n<p>&nbsp;<\/p>\n<p>Begleitung des Prozesses seit Februar 2019<\/p>\n<p>Zu dem gesamten Prozess siehe auf der Homepage der Stadt Chemnitz:<\/p>\n<p><a href=\"https:\/\/www.chemnitz.de\/chemnitz\/de\/leben-in-chemnitz\/menschen-mit-behinderung\/teilhabeplan\/index.html\">https:\/\/www.chemnitz.de\/chemnitz\/de\/leben-in-chemnitz\/menschen-mit-behinderung\/teilhabeplan\/index.html<\/a><\/p>\n<p>&nbsp;<\/p>\n<h1><strong>Miteinander statt Nebeneinander \u2013 Sozialp\u00e4dagogische Fachkr\u00e4fte im System Schule<\/strong><\/h1>\n<p>Workshopreihe in Niedersachsen 2018<br \/>\nWorkshop-Beschreibung und Feedback:<br \/>\n<a href=\"https:\/\/der-bildungsexperte.de\/wp-content\/uploads\/2014\/12\/Referenzen-Multiprofessionalit\u00e4t-und-sozialp\u00e4dagogische-Fachkr\u00e4fte-im-System-Schule.pdf\">Multiprofessionalit\u00e4t und sozialp\u00e4dagogische Fachkr\u00e4fte im System Schule<\/a><\/p>\n<p>&nbsp;<\/p>\n<h1>Prozessbegleitung und Moderation im Rahmen der inklusiven Stadtentwicklung in Oldenburg (Olbg.)<\/h1>\n<p>Prozessbegleitung Im Auftrag der &#8222;Montag Stiftung Jugend und Gesellschaft&#8220; von 2012 bis 2016<\/p>\n<p><a href=\"https:\/\/www.oldenburg.de\/startseite\/leben-umwelt\/soziales\/inklusion-und-diversity\/kommunaler-aktionsplan-inklusion.html\">https:\/\/www.oldenburg.de\/startseite\/leben-umwelt\/soziales\/inklusion-und-diversity\/kommunaler-aktionsplan-inklusion.html<\/a><\/p>\n<p>&nbsp;<\/p>\n<h1>Prozessbegleitung, Moderation und Dokumentation im Rahmen der Erarbeitung eines Teilhabeplans in der Stadt Brandenburg an der Havel<\/h1>\n<p>Begleitung des Prozesses und Dokumentation der Arbeitsergebnisse im Teilhabeplan von 2015 bis 2017<\/p>\n<p><a href=\"https:\/\/www.stadt-brandenburg.de\/menschen-mit-behinderung\/teilhabeplanung\/\">https:\/\/www.stadt-brandenburg.de\/menschen-mit-behinderung\/teilhabeplanung\/<\/a><\/p>\n","protected":false},"excerpt":{"rendered":"<p>Prozessbegleitung, Moderation und Dokumentation im Rahmen der Erarbeitung eines Teilhabeplans &#8222;Chemnitz inklusiv 2030&#8220; &nbsp; Begleitung des Prozesses seit Februar 2019 Zu dem gesamten Prozess siehe auf der Homepage der Stadt Chemnitz: https:\/\/www.chemnitz.de\/chemnitz\/de\/leben-in-chemnitz\/menschen-mit-behinderung\/teilhabeplan\/index.html &nbsp; Miteinander statt Nebeneinander \u2013 Sozialp\u00e4dagogische Fachkr\u00e4fte im&#8230;<br \/><a class=\"read-more-button\" href=\"https:\/\/der-bildungsexperte.de\/?page_id=81\">Mehr Lesen<\/a><\/p>\n","protected":false},"author":1,"featured_media":0,"parent":0,"menu_order":7,"comment_status":"open","ping_status":"closed","template":"","meta":{"om_disable_all_campaigns":false,"_monsterinsights_skip_tracking":false,"_monsterinsights_sitenote_active":false,"_monsterinsights_sitenote_note":"","_monsterinsights_sitenote_category":0,"_uf_show_specific_survey":0,"_uf_disable_surveys":false,"footnotes":""},"class_list":["post-81","page","type-page","status-publish","hentry"],"aioseo_notices":[],"_links":{"self":[{"href":"https:\/\/der-bildungsexperte.de\/index.php?rest_route=\/wp\/v2\/pages\/81","targetHints":{"allow":["GET"]}}],"collection":[{"href":"https:\/\/der-bildungsexperte.de\/index.php?rest_route=\/wp\/v2\/pages"}],"about":[{"href":"https:\/\/der-bildungsexperte.de\/index.php?rest_route=\/wp\/v2\/types\/page"}],"author":[{"embeddable":true,"href":"https:\/\/der-bildungsexperte.de\/index.php?rest_route=\/wp\/v2\/users\/1"}],"replies":[{"embeddable":true,"href":"https:\/\/der-bildungsexperte.de\/index.php?rest_route=%2Fwp%2Fv2%2Fcomments&post=81"}],"version-history":[{"count":6,"href":"https:\/\/der-bildungsexperte.de\/index.php?rest_route=\/wp\/v2\/pages\/81\/revisions"}],"predecessor-version":[{"id":496,"href":"https:\/\/der-bildungsexperte.de\/index.php?rest_route=\/wp\/v2\/pages\/81\/revisions\/496"}],"wp:attachment":[{"href":"https:\/\/der-bildungsexperte.de\/index.php?rest_route=%2Fwp%2Fv2%2Fmedia&parent=81"}],"curies":[{"name":"wp","href":"https:\/\/api.w.org\/{rel}","templated":true}]}}

<h1>Prozessbegleitung, Moderation und Dokumentation im Rahmen der Erarbeitung eines Teilhabeplans &#8222;Chemnitz inklusiv 2030&#8220;</h1>
<p>&nbsp;</p>
<p>Begleitung des Prozesses seit Februar 2019</p>
<p>Zu dem gesamten Prozess siehe auf der Homepage der Stadt Chemnitz:</p>
<p><a href="https://www.chemnitz.de/chemnitz/de/leben-in-chemnitz/menschen-mit-behinderung/teilhabeplan/index.html">https://www.chemnitz.de/chemnitz/de/leben-in-chemnitz/menschen-mit-behinderung/teilhabeplan/index.html</a></p>
<p>&nbsp;</p>
<h1><strong>Miteinander statt Nebeneinander – Sozialpädagogische Fachkräfte im System Schule</strong></h1>
<p>Workshopreihe in Niedersachsen 2018<br />
Workshop-Beschreibung und Feedback:<br />
<a href="https://der-bildungsexperte.de/wp-content/uploads/2014/12/Referenzen-Multiprofessionalität-und-sozialpädagogische-Fachkräfte-im-System-Schule.pdf">Multiprofessionalität und sozialpädagogische Fachkräfte im System Schule</a></p>
<p>&nbsp;</p>
<h1>Prozessbegleitung und Moderation im Rahmen der inklusiven Stadtentwicklung in Oldenburg (Olbg.)</h1>
<p>Prozessbegleitung Im Auftrag der &#8222;Montag Stiftung Jugend und Gesellschaft&#8220; von 2012 bis 2016</p>
<p><a href="https://www.oldenburg.de/startseite/leben-umwelt/soziales/inklusion-und-diversity/kommunaler-aktionsplan-inklusion.html">https://www.oldenburg.de/startseite/leben-umwelt/soziales/inklusion-und-diversity/kommunaler-aktionsplan-inklusion.html</a></p>
<p>&nbsp;</p>
<h1>Prozessbegleitung, Moderation und Dokumentation im Rahmen der Erarbeitung eines Teilhabeplans in der Stadt Brandenburg an der Havel</h1>
<p>Begleitung des Prozesses und Dokumentation der Arbeitsergebnisse im Teilhabeplan von 2015 bis 2017</p>
<p><a href="https://www.stadt-brandenburg.de/menschen-mit-behinderung/teilhabeplanung/">https://www.stadt-brandenburg.de/menschen-mit-behinderung/teilhabeplanung/</a></p>

<p>Prozessbegleitung, Moderation und Dokumentation im Rahmen der Erarbeitung eines Teilhabeplans &#8222;Chemnitz inklusiv 2030&#8220; &nbsp; Begleitung des Prozesses seit Februar 2019 Zu dem gesamten Prozess siehe auf der Homepage der Stadt Chemnitz: https://www.chemnitz.de/chemnitz/de/leben-in-chemnitz/menschen-mit-behinderung/teilhabeplan/index.html &nbsp; Miteinander statt Nebeneinander – Sozialpädagogische Fachkräfte im&#8230;<br /><a class="read-more-button" href="https://der-bildungsexperte.de/?page_id=81">Mehr Lesen</a></p>
