{"id":83,"date":"2014-12-27T14:16:02","date_gmt":"2014-12-27T14:16:02","guid":{"rendered":"https:\/\/der-bildungsexperte.de\/?page_id=83"},"modified":"2021-11-09T13:02:18","modified_gmt":"2021-11-09T13:02:18","slug":"links-inklusion","status":"publish","type":"page","link":"https:\/\/der-bildungsexperte.de\/?page_id=83","title":{"rendered":"Links \/ Inklusion"},"content":{"rendered":"<p><strong>Empfehlungen des wissenschaftlichen Beirats &#8222;Inklusive Bildung&#8220;<\/strong> in Brandenburg, ver\u00f6ffentlicht am 31.03.2014<br \/>\n<a href=\"http:\/\/www.inklusion-brandenburg.de\/wissenschaftlicher_beirat.html\">http:\/\/www.inklusion-brandenburg.de\/wissenschaftlicher_beirat.html<\/a><\/p>\n<p>Und hier finden Sie den Auszug aus dem Protokoll des Ausschusses f\u00fcr Bildung, Jugend und Sport des Landes Brandenburg vom 12.06.2014 \u00fcber die Beratung zu den Empfehlungen:<br \/>\n<a href=\"https:\/\/der-bildungsexperte.de\/wp-content\/uploads\/2014\/12\/2014-06-12-Auszug-aus-dem-Protokoll-des-Ausschusses-f\u00fcr-Bildung-Jugend-und-Sport-des-Landes-Brandenburg.pdf\">2014-06-12 Auszug aus dem Protokoll des Ausschusses f\u00fcr Bildung, Jugend und Sport des Landes Brandenburg<\/a><\/p>\n<p>&nbsp;<\/p>\n<p><a href=\"www.institut-fuer-menschenrechte.de\/monitoring-stelle\/themen\/bildung.html\"><strong>Deutsches Institut f\u00fcr Menschenrechte &#8211; Monitoringstelle zur UN-Behindertenrechtskonvention<\/strong><\/a><br \/>\nDie Monitoring-Stelle zur UN-Behindertenrechtskonvention, eingerichtet im unabh\u00e4ngigen Deutschen Institut f\u00fcr Menschenrechte in Berlin, hat gem\u00e4\u00df der UN-Behindertenrechtskonvention den Auftrag, die Rechte von Menschen mit Behinderungen zu f\u00f6rdern und zu sch\u00fctzen sowie die Umsetzung der Konvention in Deutschland zu \u00fcberwachen.<br \/>\n<strong>Studie: <a href=\"www.institut-fuer-menschenrechte.de\/monitoring-stelle\/publikationen.html\">Sven Mi\u00dfling \/ Oliver \u00dcckert (2014): Inklusive Bildung: Schulgesetze auf dem Pr\u00fcfstand, Berlin: Deutsches Institut f\u00fcr Menschenrechte.\u00a0 <\/a><\/strong><\/p>\n<header class=\"csc-header csc-header-n1\">\n<h1 class=\"csc-firstHeader\"><a title=\"Bonner Erkl\u00e4rung zur inklusiven Bildung in Deutschland\" href=\"http:\/\/www.unesco.de\/gipfel_inklusion_erklaerung.html\">Bonner Erkl\u00e4rung zur inklusiven Bildung in Deutschland<\/a><\/h1>\n<\/header>\n<p><em>verabschiedet von den Teilnehmenden des Gipfels &#8222;Inklusion \u2013 Die Zukunft der Bildung&#8220; am 20. M\u00e4rz 2014 in Bonn<\/em><\/p>\n<p>&nbsp;<\/p>\n<p>&nbsp;<\/p>\n","protected":false},"excerpt":{"rendered":"<p>Empfehlungen des wissenschaftlichen Beirats &#8222;Inklusive Bildung&#8220; in Brandenburg, ver\u00f6ffentlicht am 31.03.2014 http:\/\/www.inklusion-brandenburg.de\/wissenschaftlicher_beirat.html Und hier finden Sie den Auszug aus dem Protokoll des Ausschusses f\u00fcr Bildung, Jugend und Sport des Landes Brandenburg vom 12.06.2014 \u00fcber die Beratung zu den Empfehlungen: 2014-06-12&#8230;<br \/><a class=\"read-more-button\" href=\"https:\/\/der-bildungsexperte.de\/?page_id=83\">Mehr Lesen<\/a><\/p>\n","protected":false},"author":1,"featured_media":0,"parent":0,"menu_order":10,"comment_status":"open","ping_status":"closed","template":"","meta":{"om_disable_all_campaigns":false,"_monsterinsights_skip_tracking":false,"_monsterinsights_sitenote_active":false,"_monsterinsights_sitenote_note":"","_monsterinsights_sitenote_category":0,"_uf_show_specific_survey":0,"_uf_disable_surveys":false,"footnotes":""},"class_list":["post-83","page","type-page","status-publish","hentry"],"aioseo_notices":[],"_links":{"self":[{"href":"https:\/\/der-bildungsexperte.de\/index.php?rest_route=\/wp\/v2\/pages\/83","targetHints":{"allow":["GET"]}}],"collection":[{"href":"https:\/\/der-bildungsexperte.de\/index.php?rest_route=\/wp\/v2\/pages"}],"about":[{"href":"https:\/\/der-bildungsexperte.de\/index.php?rest_route=\/wp\/v2\/types\/page"}],"author":[{"embeddable":true,"href":"https:\/\/der-bildungsexperte.de\/index.php?rest_route=\/wp\/v2\/users\/1"}],"replies":[{"embeddable":true,"href":"https:\/\/der-bildungsexperte.de\/index.php?rest_route=%2Fwp%2Fv2%2Fcomments&post=83"}],"version-history":[{"count":9,"href":"https:\/\/der-bildungsexperte.de\/index.php?rest_route=\/wp\/v2\/pages\/83\/revisions"}],"predecessor-version":[{"id":100,"href":"https:\/\/der-bildungsexperte.de\/index.php?rest_route=\/wp\/v2\/pages\/83\/revisions\/100"}],"wp:attachment":[{"href":"https:\/\/der-bildungsexperte.de\/index.php?rest_route=%2Fwp%2Fv2%2Fmedia&parent=83"}],"curies":[{"name":"wp","href":"https:\/\/api.w.org\/{rel}","templated":true}]}}